 y.
2, 11
Suppose 5*u = 5*h - 240, h - 10 = -2*u + 29. Suppose -v + h = 4*v. Suppose -46 - v = -5*m. List the prime factors of m.
11
Let o = 31 + -33. List the prime factors of o/(-7) - 2400/(-28).
2, 43
Let y(s) = -8*s**2 + 240*s + 69. What are the prime factors of y(30)?
3, 23
Suppose -5*l + 90 = -0*l + 5*m, 5*l = -4*m + 92. Suppose -l = -a + 22. List the prime factors of a.
2, 3, 7
Let l(o) = o**3 - 2*o**2 - o + 1. Let i be l(0). Suppose -i + 15 = a. Suppose 0 = -10*d + a*d - 44. What are the prime factors of d?
11
Let w = 23 + -17. What are the prime factors of 33 - ((-9)/(-3) - w)?
2, 3
Let j(x) = x**2 - 8*x + 8. Let a be j(10). List the prime factors of (-7)/(a/12) - -95.
2, 23
Suppose 9*d = 22*d - 5655. What are the prime factors of d?
3, 5, 29
Suppose -5762 = -5*n + 5*f - 487, -4*f + 5320 = 5*n. List the prime factors of n.
2, 5, 53
What are the prime factors of 1 + 4 + -2 + -2 + 465?
2, 233
Let x(l) be the third derivative of l**6/120 - 19*l**5/60 - 2*l**4/3 - 5*l**3/3 - 9*l**2. List the prime factors of x(20).
2, 5, 7
Suppose 0 = -8*q + 4*q + 5*g + 483, -5*g - 366 = -3*q. What are the prime factors of q?
3, 13
Let p be 6/(-24) + (-717)/12. Let u = 145 + p. What are the prime factors of u?
5, 17
Suppose 7*u + 1500 = 11*u. Suppose -4*l = l - u. Suppose 0 = -5*y + 10*y - l. What are the prime factors of y?
3, 5
Let i(l) be the second derivative of l**4/6 + l**3/6 - 10*l**2 - 37*l. What are the prime factors of i(9)?
151
Let m(a) = 2*a + 2. Let v(i) = 5*i + 5. Let n(x) = 7*m(x) - 3*v(x). Let g be n(-4). Suppose 2*q = -5*w + 24, w - g*q - 15 = -0*w. List the prime factors of w.
2, 3
What are the prime factors of (-16)/232 - (-257358)/174?
3, 17, 29
Let t be (1 - -7)*(-5)/(-10). Suppose -4*l + u + 11 = -3, t*l + 2*u - 20 = 0. List the prime factors of (-104)/(-18) - l/(-18).
2, 3
Let r(c) = 14*c**2 - 2 - 13*c**2 - 6*c - 1. What are the prime factors of r(-5)?
2, 13
Let c be 1 + -1 - (1 + 3). Let g be c + 5 - (-4 + 0). Suppose -3*h + 121 = g*f, 5*f - 3 - 122 = -5*h. What are the prime factors of f?
23
Suppose -2085 = 3*c - 8*c. Suppose 14*w - c = 1011. List the prime factors of w.
2, 3, 17
Let f(p) be the third derivative of -p**6/120 - p**5/4 + 5*p**3/6 - 2*p**2. Suppose 4*g - 11 = -71. List the prime factors of f(g).
5
Let b(g) = -5*g**2 + 62 + 0*g**3 + 5*g**3 - 68. List the prime factors of b(4).
2, 3, 13
Let i = -54 - -54. Suppose i = b - 4, 3*w + 4*b - 2*b = 329. List the prime factors of w.
107
Suppose -15*f + 12 = -11*f. Suppose s - c - 31 = 0, s + f*c - 16 = -c. What are the prime factors of s?
2, 7
Suppose 3*l + 2*q = -393, -2*l + 3*q + 124 = -3*l. Let n = -58 - l. Suppose 0 = h + 4*h - n. What are the prime factors of h?
3, 5
Let w(i) = -4*i**2 + 14*i + 4. What are the prime factors of w(3)?
2, 5
Let x(g) be the first derivative of 5*g**2 - 11*g - 56. Let o = 17 + -10. What are the prime factors of x(o)?
59
Suppose 1544 = 9*s - 5*s. What are the prime factors of s?
2, 193
Suppose 2*q = -0*g - 4*g + 1446, 3*g + 2*q = 1083. Let r = -101 + g. What are the prime factors of r?
2, 131
Suppose 0 = -2*q - 236 + 80. Let k = -38 - q. List the prime factors of k.
2, 5
Let i(f) = f**2 - 23*f - 95. What are the prime factors of i(-27)?
5, 251
What are the prime factors of 18631/93 + (-1)/3?
2, 5
Suppose -5*n = 4*b - 1688, 15*b + 352 = n + 11*b. List the prime factors of n.
2, 5, 17
Let y = -13 - -114. Let w = y + -56. List the prime factors of w.
3, 5
Let n = 2508 - 1512. What are the prime factors of n?
2, 3, 83
Let p(g) = -32*g - 52. Suppose 4*x = -x + 5*l - 10, -4*l = -5*x - 14. List the prime factors of p(x).
2, 5, 7
Let b = 36 - 11. Let a = b + 32. Let n = 94 - a. What are the prime factors of n?
37
Suppose 58*y - 12792 = 46*y. List the prime factors of y.
2, 13, 41
Let q = -298 + 420. What are the prime factors of q?
2, 61
Let o(q) be the second derivative of -q**3/6 - q**2/2 - 3*q. Let k be o(-4). Suppose 2*j + 13 = k*j. What are the prime factors of j?
13
Let d(t) be the second derivative of -t**4/12 + 5*t**3/3 - 3*t**2/2 + t. Let k be d(10). Let a = k - -21. What are the prime factors of a?
2, 3
List the prime factors of (-30385)/(-35) + 108/126.
11, 79
Let o = -60 - -59. List the prime factors of 0 - -20 - (-1 - o).
2, 5
Let p be 26/8 + 12/16. Suppose 8 + 1 = c + x, p*c - 3*x = 1. Suppose -3*t - 2*i + 65 = 0, -c*t + 3*i + 64 = -0*i. What are the prime factors of t?
19
Suppose -4*f + 4*u = -488, 0 = 2*f + f - 2*u - 364. Let l = f - 55. List the prime factors of l.
5, 13
Let o(c) = -c**2 - 11*c - 21. Let l be o(-7). Suppose -570 = -12*w + l*w. List the prime factors of w.
2, 3, 19
Let g = 18194 - 12733. What are the prime factors of g?
43, 127
Suppose 0 = -3*k + 9 - 0. Let w be 1/(-1*k/(-15)). Suppose w*p - 35 = -4*l, -5*l = 3*p - l - 13. List the prime factors of p.
11
Let x = -186 + 269. Let c = x - 20. List the prime factors of c.
3, 7
Let u(j) = 3*j - 18. Let r be u(7). Let z(l) = 13*l**2 + 7*l - 10. What are the prime factors of z(r)?
2
Let v be 3/9*0 - 14/(-7). Suppose v*w = -2*f - 3*w + 587, -2*w = -f + 289. List the prime factors of f.
3, 97
Let p(g) = 176*g - 8. List the prime factors of p(3).
2, 5, 13
Suppose 8*d + 33 = 4241. What are the prime factors of d?
2, 263
Suppose -2*d + 3*d + 15916 = 4*i, -15916 = -4*i + 2*d. List the prime factors of i.
23, 173
Suppose -3*b = b - 8. Let n(k) = k**2 - 7*k - 6. Let o be n(8). Suppose 2*q + 0*c = -2*c + 14, -o*c = -4*q - b. List the prime factors of q.
2
Let k = -1471 + 2984. What are the prime factors of k?
17, 89
Let k be 35/(-11) + 2/11. Let x = 13 - k. List the prime factors of x.
2
Let r = 3 - -6. Suppose 0 = -3*t + r, -2*t + 5*t = -d - 507. What are the prime factors of ((-4)/16)/(3/d)?
43
What are the prime factors of (-302072)/183*3/(-2)?
2, 619
List the prime factors of (-7)/(168/80)*-933.
2, 5, 311
List the prime factors of 116/6*(50 + -32).
2, 3, 29
Let j(h) be the first derivative of 1 - 3/2*h**2 - 18*h. What are the prime factors of j(-12)?
2, 3
Suppose 4*y = -2*s + 62, -5*y + 18 = 3*s - 74. Suppose 3*d - 94 = s. What are the prime factors of d?
41
Suppose -79 = -2*a - 29. Let g be (46/(-8))/((-1)/4). Let i = a - g. List the prime factors of i.
2
Suppose r + i = 6, -2*i + 6 = -2*r - 2. List the prime factors of (-4)/r + 5 + 103.
2, 13
Let f be -6*(1 + -2 + 0). Let c(x) = x - 6. Let l be c(f). Suppose -m + 37 - 10 = l. List the prime factors of m.
3
Suppose -10*s = -578 - 762. What are the prime factors of s?
2, 67
Let m = 3853 - 284. What are the prime factors of m?
43, 83
Let z(m) = -m**2 + 5*m. Let l be z(4). Suppose l*q - 37 = -g, -3*q = -0*g + g - 29. Let t(u) = u**2 - 8*u + 6. What are the prime factors of t(q)?
2, 3
Let z be 228/(-14) - (-4)/14. Let d be (8/8 - -20) + (-3 - 0). Let l = d + z. List the prime factors of l.
2
Suppose -27*q = 3289 - 36904. List the prime factors of q.
3, 5, 83
Suppose 4*y = -3*j + 3364, 3*y = -j + 13*y + 1144. What are the prime factors of j?
2, 281
Let l(r) = 294 + 7*r**2 + 16*r - 2*r**3 + 3*r**3 + 5*r**2 - 245. List the prime factors of l(-7).
2, 7, 13
Suppose 0 = -20*p + 26 + 34. Let y = 6 - -16. Suppose 29 + y = p*c. What are the prime factors of c?
17
Let n(a) = -a**2 + 13*a + 1. Let b be n(13). Suppose b = k + j, 3*j = k - 12 + 3. Suppose -3*p - 21 = 4*y - 85, k*p + 5*y = 59. List the prime factors of p.
2, 7
Suppose 5*a = -3*j + 182, -4*j - 130 + 396 = 2*a. Suppose 2*x + 4*n = -0*x - 72, 4*x + 2*n + 156 = 0. Let f = j + x. List the prime factors of f.
29
Suppose 0 = 5*w + 25, 0 = -4*c + 5*c - 2*w - 761. List the prime factors of c.
751
What are the prime factors of 59*(6/(-9))/((-16)/552)?
23, 59
Let z = -148 + 529. What are the prime factors of z?
3, 127
Let y = 74 - -54. Suppose 6 + 1 = 4*v - 3*d, 2*v = 4*d - 4. Suppose -y = -0*t - v*t. What are the prime factors of t?
2
Suppose -3*r + 38 = 2*n, 108 = 4*n + n + r. Suppose 4*x + 2*j + 6 - n = 0, -18 = -5*x - 2*j. List the prime factors of x.
2
Let g(m) = 3*m**2 + 21*m + 6. List the prime factors of g(-16).
2, 3, 73
Let g(n) = 10*n**2 - 5*n + 12. Let b be g(6). Suppose -4*d - 38 + b = 0. List the prime factors of d.
2, 19
Let l(j) be the first derivative of -j**3/3 + 3*j**2 - j - 2. Let t be (6/12)/((-1)/(-10)). List the prime factors of l(t).
2
Let v(l) = -10*l - 124. Let p